{"id":18,"date":"2021-07-08T11:49:02","date_gmt":"2021-07-08T15:49:02","guid":{"rendered":"https:\/\/pdlg.ca\/?page_id=18"},"modified":"2022-11-17T16:01:19","modified_gmt":"2022-11-17T21:01:19","slug":"en-construction","status":"publish","type":"page","link":"https:\/\/pdlg.ca\/","title":{"rendered":"En Construction"},"content":{"rendered":"<h1><a href=\"https:\/\/www.placedelagare.reseau.condos\/user.php\" target=\"_blank\" rel=\"noopener\">Visitez notre site s\u00e9curis\u00e9<\/a><\/h1>\n<h2 style=\"text-align: center;\"><strong><a style=\"color: #504a43;\" href=\"https:\/\/www.placedelagare.reseau.condos\/user.php\" target=\"_blank\" rel=\"noopener\">www.pdlg.ca<\/a><\/strong><\/h2>\n<ul>\n<li>\n\t\t\t\t\t\t\t\t\t\t\t<a href=\"tel:4504207336\" target=\"_blank\" rel=\"nofollow noopener\"><br \/>\n\t\t\t\t\t\t\t\t\t\t450-420-7336<br \/>\n\t\t\t\t\t\t\t\t\t\t\t<\/a>\n\t\t\t\t\t\t\t\t\t<\/li>\n<\/ul>\n<ul>\n<li>\n\t\t\t\t\t\t\t\t\t\t\t<a href=\"mailto:conseil.pdlg@hotmail.com\" target=\"_blank\" rel=\"nofollow noopener\"><br \/>\n\t\t\t\t\t\t\t\t\t\tConseil.PDLG@hotmail.com<br \/>\n\t\t\t\t\t\t\t\t\t\t\t<\/a>\n\t\t\t\t\t\t\t\t\t<\/li>\n<\/ul>\n","protected":false},"excerpt":{"rendered":"<p>Visitez notre site s\u00e9curis\u00e9 www.pdlg.ca 450-420-7336 Conseil.PDLG@hotmail.com<\/p>\n","protected":false},"author":1,"featured_media":0,"parent":0,"menu_order":0,"comment_status":"closed","ping_status":"closed","template":"","meta":{"footnotes":""},"class_list":["post-18","page","type-page","status-publish","hentry","entry"],"yoast_head":"<!-- This site is optimized with the Yoast SEO plugin v27.3 - https:\/\/yoast.com\/product\/yoast-seo-wordpress\/ -->\n<title>En Construction - Syndicat copropri\u00e9taires Place de la gare Ste-Th\u00e9r\u00e8se<\/title>\n<meta name=\"robots\" content=\"noindex, follow\" \/>\n<meta property=\"og:locale\" content=\"fr_FR\" \/>\n<meta property=\"og:type\" content=\"article\" \/>\n<meta property=\"og:title\" content=\"En Construction - Syndicat copropri\u00e9taires Place de la gare Ste-Th\u00e9r\u00e8se\" \/>\n<meta property=\"og:description\" content=\"Visitez notre site s\u00e9curis\u00e9 www.pdlg.ca 450-420-7336 Conseil.PDLG@hotmail.com\" \/>\n<meta property=\"og:url\" content=\"https:\/\/pdlg.ca\/\" \/>\n<meta property=\"og:site_name\" content=\"Syndicat copropri\u00e9taires Place de la gare Ste-Th\u00e9r\u00e8se\" \/>\n<meta property=\"article:modified_time\" content=\"2022-11-17T21:01:19+00:00\" \/>\n<meta name=\"twitter:card\" content=\"summary_large_image\" \/>\n<meta name=\"twitter:label1\" content=\"Dur\u00e9e de lecture estim\u00e9e\" \/>\n\t<meta name=\"twitter:data1\" content=\"1 minute\" \/>\n<script type=\"application\/ld+json\" class=\"yoast-schema-graph\">{\"@context\":\"https:\\\/\\\/schema.org\",\"@graph\":[{\"@type\":\"WebPage\",\"@id\":\"https:\\\/\\\/pdlg.ca\\\/\",\"url\":\"https:\\\/\\\/pdlg.ca\\\/\",\"name\":\"En Construction - Syndicat copropri\u00e9taires Place de la gare Ste-Th\u00e9r\u00e8se\",\"isPartOf\":{\"@id\":\"https:\\\/\\\/pdlg.ca\\\/#website\"},\"datePublished\":\"2021-07-08T15:49:02+00:00\",\"dateModified\":\"2022-11-17T21:01:19+00:00\",\"breadcrumb\":{\"@id\":\"https:\\\/\\\/pdlg.ca\\\/#breadcrumb\"},\"inLanguage\":\"fr-FR\",\"potentialAction\":[{\"@type\":\"ReadAction\",\"target\":[\"https:\\\/\\\/pdlg.ca\\\/\"]}]},{\"@type\":\"BreadcrumbList\",\"@id\":\"https:\\\/\\\/pdlg.ca\\\/#breadcrumb\",\"itemListElement\":[{\"@type\":\"ListItem\",\"position\":1,\"name\":\"Accueil\",\"item\":\"https:\\\/\\\/pdlg.ca\\\/\"},{\"@type\":\"ListItem\",\"position\":2,\"name\":\"En Construction\"}]},{\"@type\":\"WebSite\",\"@id\":\"https:\\\/\\\/pdlg.ca\\\/#website\",\"url\":\"https:\\\/\\\/pdlg.ca\\\/\",\"name\":\"Syndicat copropri\u00e9taires Place de la gare Ste-Th\u00e9r\u00e8se\",\"description\":\"Mieux partager l&#039;information en toute transparence\",\"publisher\":{\"@id\":\"https:\\\/\\\/pdlg.ca\\\/#organization\"},\"potentialAction\":[{\"@type\":\"SearchAction\",\"target\":{\"@type\":\"EntryPoint\",\"urlTemplate\":\"https:\\\/\\\/pdlg.ca\\\/?s={search_term_string}\"},\"query-input\":{\"@type\":\"PropertyValueSpecification\",\"valueRequired\":true,\"valueName\":\"search_term_string\"}}],\"inLanguage\":\"fr-FR\"},{\"@type\":\"Organization\",\"@id\":\"https:\\\/\\\/pdlg.ca\\\/#organization\",\"name\":\"Syndicat Copropri\u00e9taires Place De La Gare Ste-Th\u00e9r\u00e8se\",\"url\":\"https:\\\/\\\/pdlg.ca\\\/\",\"logo\":{\"@type\":\"ImageObject\",\"inLanguage\":\"fr-FR\",\"@id\":\"https:\\\/\\\/pdlg.ca\\\/#\\\/schema\\\/logo\\\/image\\\/\",\"url\":\"https:\\\/\\\/pdlg.ca\\\/wp-content\\\/uploads\\\/2021\\\/07\\\/PDLG_62x36.jpg\",\"contentUrl\":\"https:\\\/\\\/pdlg.ca\\\/wp-content\\\/uploads\\\/2021\\\/07\\\/PDLG_62x36.jpg\",\"width\":62,\"height\":36,\"caption\":\"Syndicat Copropri\u00e9taires Place De La Gare Ste-Th\u00e9r\u00e8se\"},\"image\":{\"@id\":\"https:\\\/\\\/pdlg.ca\\\/#\\\/schema\\\/logo\\\/image\\\/\"}}]}<\/script>\n<!-- \/ Yoast SEO plugin. -->","yoast_head_json":{"title":"En Construction - Syndicat copropri\u00e9taires Place de la gare Ste-Th\u00e9r\u00e8se","robots":{"index":"noindex","follow":"follow"},"og_locale":"fr_FR","og_type":"article","og_title":"En Construction - Syndicat copropri\u00e9taires Place de la gare Ste-Th\u00e9r\u00e8se","og_description":"Visitez notre site s\u00e9curis\u00e9 www.pdlg.ca 450-420-7336 Conseil.PDLG@hotmail.com","og_url":"https:\/\/pdlg.ca\/","og_site_name":"Syndicat copropri\u00e9taires Place de la gare Ste-Th\u00e9r\u00e8se","article_modified_time":"2022-11-17T21:01:19+00:00","twitter_card":"summary_large_image","twitter_misc":{"Dur\u00e9e de lecture estim\u00e9e":"1 minute"},"schema":{"@context":"https:\/\/schema.org","@graph":[{"@type":"WebPage","@id":"https:\/\/pdlg.ca\/","url":"https:\/\/pdlg.ca\/","name":"En Construction - Syndicat copropri\u00e9taires Place de la gare Ste-Th\u00e9r\u00e8se","isPartOf":{"@id":"https:\/\/pdlg.ca\/#website"},"datePublished":"2021-07-08T15:49:02+00:00","dateModified":"2022-11-17T21:01:19+00:00","breadcrumb":{"@id":"https:\/\/pdlg.ca\/#breadcrumb"},"inLanguage":"fr-FR","potentialAction":[{"@type":"ReadAction","target":["https:\/\/pdlg.ca\/"]}]},{"@type":"BreadcrumbList","@id":"https:\/\/pdlg.ca\/#breadcrumb","itemListElement":[{"@type":"ListItem","position":1,"name":"Accueil","item":"https:\/\/pdlg.ca\/"},{"@type":"ListItem","position":2,"name":"En Construction"}]},{"@type":"WebSite","@id":"https:\/\/pdlg.ca\/#website","url":"https:\/\/pdlg.ca\/","name":"Syndicat copropri\u00e9taires Place de la gare Ste-Th\u00e9r\u00e8se","description":"Mieux partager l&#039;information en toute transparence","publisher":{"@id":"https:\/\/pdlg.ca\/#organization"},"potentialAction":[{"@type":"SearchAction","target":{"@type":"EntryPoint","urlTemplate":"https:\/\/pdlg.ca\/?s={search_term_string}"},"query-input":{"@type":"PropertyValueSpecification","valueRequired":true,"valueName":"search_term_string"}}],"inLanguage":"fr-FR"},{"@type":"Organization","@id":"https:\/\/pdlg.ca\/#organization","name":"Syndicat Copropri\u00e9taires Place De La Gare Ste-Th\u00e9r\u00e8se","url":"https:\/\/pdlg.ca\/","logo":{"@type":"ImageObject","inLanguage":"fr-FR","@id":"https:\/\/pdlg.ca\/#\/schema\/logo\/image\/","url":"https:\/\/pdlg.ca\/wp-content\/uploads\/2021\/07\/PDLG_62x36.jpg","contentUrl":"https:\/\/pdlg.ca\/wp-content\/uploads\/2021\/07\/PDLG_62x36.jpg","width":62,"height":36,"caption":"Syndicat Copropri\u00e9taires Place De La Gare Ste-Th\u00e9r\u00e8se"},"image":{"@id":"https:\/\/pdlg.ca\/#\/schema\/logo\/image\/"}}]}},"_links":{"self":[{"href":"https:\/\/pdlg.ca\/index.php\/wp-json\/wp\/v2\/pages\/18","targetHints":{"allow":["GET"]}}],"collection":[{"href":"https:\/\/pdlg.ca\/index.php\/wp-json\/wp\/v2\/pages"}],"about":[{"href":"https:\/\/pdlg.ca\/index.php\/wp-json\/wp\/v2\/types\/page"}],"author":[{"embeddable":true,"href":"https:\/\/pdlg.ca\/index.php\/wp-json\/wp\/v2\/users\/1"}],"replies":[{"embeddable":true,"href":"https:\/\/pdlg.ca\/index.php\/wp-json\/wp\/v2\/comments?post=18"}],"version-history":[{"count":115,"href":"https:\/\/pdlg.ca\/index.php\/wp-json\/wp\/v2\/pages\/18\/revisions"}],"predecessor-version":[{"id":196,"href":"https:\/\/pdlg.ca\/index.php\/wp-json\/wp\/v2\/pages\/18\/revisions\/196"}],"wp:attachment":[{"href":"https:\/\/pdlg.ca\/index.php\/wp-json\/wp\/v2\/media?parent=18"}],"curies":[{"name":"wp","href":"https:\/\/api.w.org\/{rel}","templated":true}]}}